ist the prime factors of b.
3, 19, 197
Let a(r) = -2*r**3 - 25*r**2 - 14*r - 2. Let u be a(-12). Suppose 0 = -9*s + u*s - 16822. List the prime factors of s.
2, 647
Let x = 11192 - -14309. List the prime factors of x.
7, 3643
Suppose 709897 = 41*s - 22*s. List the prime factors of s.
37363
Let n be 2 + (-15)/6*-20. Let t be (-1412)/n + (-4)/(-26). Let y = t + 69. List the prime factors of y.
2, 3, 7
List the prime factors of 6398 + -4 + -14 + 12.
2, 17, 47
Suppose -z - 8*s + 7*s = -2974, -5957 = -2*z - 5*s. List the prime factors of z.
2971
What are the prime factors of 11/(165/9) - 190564/(-10)?
17, 19, 59
Let j(g) = 38*g - 30. Let o = 143 + -140. List the prime factors of j(o).
2, 3, 7
Let c(h) = -2724*h - 1275. List the prime factors of c(-12).
3, 37, 283
Let g be -8*(10/8)/(-5). Let n be 106*6/28 - g/(-7). Suppose -237 = -5*j + n. What are the prime factors of j?
2, 13
Suppose -3*a = 15, -41*a + 36*a = -2*j + 9173. What are the prime factors of j?
2, 2287
Let p(r) = -3*r - 9. Let l be p(-6). Let q(o) = -6*o + 250. Let u be q(-19). Suppose -u = 2*j - l*j. What are the prime factors of j?
2, 13
Let c(i) be the second derivative of -1/12*i**4 + 17*i - 1/6*i**3 - 1/10*i**5 - 1/2*i**2 + 0. What are the prime factors of c(-2)?
13
Let y(u) = 21*u**2 - 7*u + 10. Let i be y(4). Suppose 1597 = 5*n + 4*f, f - 958 + i = -2*n. Suppose -4*o = -171 - n. What are the prime factors of o?
3, 41
What are the prime factors of (230*8/(-64))/(9/(-15084))?
5, 23, 419
Let d = -1687 + 6972. Suppose 544*z = 549*z - d. What are the prime factors of z?
7, 151
Let m = -918 - -1306. Let c = m + -194. List the prime factors of c.
2, 97
Suppose 751 = 2*u + 10487. List the prime factors of (18/15)/(u/(-4860) - 1).
3
Let f(o) = 13*o + 25. Let x(z) = 2*z. Let d(q) = -2*f(q) + 22*x(q). Let u be d(8). Suppose -3*m + 308 + u = 0. What are the prime factors of m?
2, 67
Let l(o) = 228*o**3 + o**2 + o - 2. Let h be l(1). Suppose w - 154 = -2*f, 5*w + 4*f = 560 + h. Let r = w - 72. What are the prime factors of r?
2, 11
Let k = -3009 + 4428. Let u be ((-3)/(-2))/((-6)/(-40)). Suppose g = -u*g + k. What are the prime factors of g?
3, 43
Suppose -7 = -g - 3*w, -4*w - 14 = -4*g + 14. Let m = -1 - -4. Suppose -5*x = m*n - 310, -3*x + 179 = -3*n - g. What are the prime factors of x?
2, 31
Suppose 1102297 = -10638*k + 10655*k. List the prime factors of k.
7, 59, 157
Let x(h) = 131*h**2 + 46*h + 555. What are the prime factors of x(-16)?
5, 7, 953
Let i be (4 + 20/(-3))/((-12)/18). Suppose -4*x = -5*x - 2*j + 393, 2*j = i*x - 1542. List the prime factors of x.
3, 43
Suppose -54 = -5*w + z - 0*z, 3*w + 4*z = 37. Suppose -5*i + 13 = -2*a, 2*i + 3*i - w = 4*a. What are the prime factors of (15 + a)*(-65)/(-26)?
2, 5
Suppose 0 = 3*n - 3*k - 577 - 338, 313 = n + k. Let g be n*(-2)/(-6) + 2. Suppose -2*d = 5*t - g - 110, 0 = -d + 4*t + 114. List the prime factors of d.
2, 5, 11
Suppose 6*m = -6*m + 3*m. Suppose m = -5*u + 3*u. Suppose -11*y + 3*y + 408 = u. What are the prime factors of y?
3, 17
Let k(d) = -d**3 - 5*d**2 + 13*d + 2. Let s be k(4). Let g = 93 + s. Let t(u) = u**3 + 2*u**2 + 2*u. What are the prime factors of t(g)?
3, 17
List the prime factors of -14 + (1156372/14 - -24).
2, 3, 1721
Let z be ((1/(-2))/((-12)/(-15144)))/1. Let k = 1058 + z. What are the prime factors of k?
7, 61
Let t = 19867 + -12407. List the prime factors of t.
2, 5, 373
Let d = 21211 + 1400. What are the prime factors of d?
3, 7537
Let g(u) = u**3 - 6*u**2 + 1. Let i be g(6). Let o(c) = 25*c - 563. Let r be o(15). What are the prime factors of (14 - 15)*r*i?
2, 47
Let h(w) = -w**2 + 17*w + 40. Let d be h(19). What are the prime factors of 34/8*136/d?
17
Let s(i) = -i**3 - 30*i**2 + 26*i - 76. List the prime factors of s(-31).
79
Suppose -5*h + 95 = -5*g, 44 = -5*h + 4*g + 141. Suppose 17297 = h*c + 5810. List the prime factors of c.
547
Let y(a) = a**2 - 6*a + 2. Let i(n) = -n - 49. Let j be i(-19). Let f be j/4 - 4/8. What are the prime factors of y(f)?
2, 3, 19
Let n = 15752 + -8855. List the prime factors of n.
3, 11, 19
Let y be 222/5 + (0 - 10/25). Let s = y - 40. Suppose -s*i + 66 = 5*d, -2*d = -i + 2*i - 18. List the prime factors of i.
2, 7
Let i = -229 - -249. Let r(p) = 16 - 4*p**3 + p**3 + 2*p**3 + 20*p + 19*p**2. List the prime factors of r(i).
2
Let l be 1*-1*(-3 - (3 + 1)). Let v(w) = 25*w + 36. What are the prime factors of v(l)?
211
Let s(r) = 28*r + 215. Let u(i) = -144*i - 1076. Let p(z) = 14*s(z) + 3*u(z). What are the prime factors of p(-20)?
2, 3, 97
Let m be 20/40 + ((-9)/(-2))/1. Suppose 2*z = -2*b - 2*b + 620, -m*z = -b - 1572. List the prime factors of z.
2, 157
Let p = -30 - -34. Let v be -1 + (-2)/1 + p + 3. Suppose -v*u - 548 = -2*x, -4*x + 693 + 379 = -2*u. What are the prime factors of x?
2, 7, 19
Suppose -24*b + 4*b = -25667 - 13133. What are the prime factors of b?
2, 5, 97
Let r be (-102)/((8/(-71))/4). Suppose 28*i = r + 3715. List the prime factors of i.
2, 131
Suppose 2*o + 82374 = 2*p, 0 = -3*p - 5*o + 17788 + 105837. List the prime factors of p.
5, 7, 11, 107
Suppose -2*u + 0*u - 514 = 4*a, 2*a = 2*u - 266. Let m = 120 + a. What are the prime factors of 248 + (-5)/m*(-8)/(-2)?
2, 5
Suppose 5*v + 236 = -5*h - 249, 4*v + h + 403 = 0. Let o = 39 + v. Let j = 85 + o. List the prime factors of j.
2, 11
Let f be (3*5/15)/(1/2). Suppose -l = -f*l. Let q = l - -2. What are the prime factors of q?
2
Suppose -p - 95 = -85. List the prime factors of 4/p - (-2)/((-20)/(-5654)).
5, 113
Let n(w) = 563*w - 13. Let c be n(-5). Let g be c/(-8) - (-4)/8. Suppose 0 = 8*r - 14*r + g. List the prime factors of r.
59
Let l(q) = 19*q**2 - q - 359. What are the prime factors of l(22)?
5, 41, 43
Let i be -3*3/(-10 - -7). Suppose b + i*s + 2*s = 627, -3*b = s - 1895. List the prime factors of b.
2, 79
Let c(f) = f**3 - 29*f**2 - 32*f + 58. Let j be c(30). List the prime factors of (j/16 - 20559/(-56))/1.
367
Suppose 0 = -5*a - 55 - 160. Let j(c) = c**3 + 48*c**2 - 207*c - 11. Let i be j(-52). Let n = a - i. List the prime factors of n.
2, 5
Suppose -16*w + 160305 = -30815. List the prime factors of w.
5, 2389
Suppose -v = -i - 6661, 0 = -5*v - 43*i + 46*i + 33293. List the prime factors of v.
5, 11
Let t(y) = y**2 + 7*y + 9. Suppose -3*r + 10*r = -42. Let v be t(r). Suppose -4*h = -8*h + 3*a + 252, -5*a = -v*h + 200. List the prime factors of h.
2, 3, 5
Let k(n) = -60*n - 1460. List the prime factors of k(-28).
2, 5, 11
Let x(n) = -43*n**3 - 2*n**2 - n. Let r be x(-1). Let t = 74 - r. Suppose -348 = -5*i + t. List the prime factors of i.
2, 19
Suppose 229*w = 124*w + 1982085. List the prime factors of w.
43, 439
Suppose -201*z + 206*z - 21500 = -2*k, 53681 = 5*k + z. What are the prime factors of k?
5, 19, 113
Suppose -5*a = 25, 2*c - 45*a - 12219 = -50*a. List the prime factors of c.
2, 3061
Suppose 0 = 6*n + 32 - 50. Let l(r) = 11*r**3 + 6*r**2 - 3*r + 7. What are the prime factors of l(n)?
349
Let k = -120 + 129. Let b(r) = 4*r - 2. List the prime factors of b(k).
2, 17
Suppose -31 = 4*j - k, -4*j - 6 - 40 = 2*k. What are the prime factors of (6/j - 70/6)*-9?
3, 37
Suppose 5*l + 15 = -f + 2, -2*l = -3*f - 5. Let z(s) = -10*s**3 - 4*s**2 + 7*s + 9. What are the prime factors of z(f)?
2, 3, 37
Suppose -27*h = -28*h + 2. What are the prime factors of (-492094)/(-279) + h/9?
2, 3, 7
What are the prime factors of 2*7*(-155520)/(-189)?
2, 3, 5
Suppose 3*j + 76 = j. Let g = -2284 + 2285. What are the prime factors of 2*g/(-3) + j/(-3)?
2, 3
Let d = -417 - -272. Let l = d - -153. List the prime factors of l.
2
Suppose 3*k + 10778 = 2*o - 5439, -4*o + k + 32419 = 0. What are the prime factors of o?
2, 1013
Let a = 75 + -74. Let o be (34/(-51))/(a/(-504)). Suppose -10*r + 8*r = -o. What are the prime factors of r?
2, 3, 7
Let g = -2252 + 2997. What are the prime factors of g?
5, 149
Let y = -3305 - -11688. What are the prime factors of y?
83, 101
Let m = 102 - 98. Suppose m*g = -2*h + 584, -8*g + 3*g - 20 = 0. Suppose 0 = -4*f - 48 + h. What are the prime factors of f?
3, 7
Suppose 202*v = 199*v + 12. Suppose 0 = s - k - 261, -3*s + 197 = -v*k - 585. What are the prime factors of s?
2, 131
Let h(w) = 12*w + 3. Let g be h(-11). Let b = g + 179. What are the prime factors of b?
2, 5
List the prime fac